 s?
2
Let l(n) = 2*n**2 - 4*n + 4. Suppose -2*w + 1 = 11. Let u = w + 9. What is the units digit of l(u)?
0
Let h(i) = -i + 16. Let p be h(6). Let d = p - -4. What is the units digit of d?
4
Let c be (-8)/(-12)*6*-2. Let t be (12/(-16))/(2/c). Suppose -52 = -t*h + 6*v - 2*v, 2*h = -2*v + 16. What is the units digit of h?
2
Suppose -4*g + 3*g = -d + 102, 239 = -2*g - 5*d. Let r = 30 - g. What is the units digit of r?
7
Let s = -2233 - -3235. What is the thousands digit of s?
1
Let a(z) be the first derivative of -z**3/3 + z + 6. Let c be a(2). What is the tens digit of (c - (-28)/12)*-42?
2
Suppose -2262 = -4*o + 2*c, -20*o + 19*o = -c - 564. What is the hundreds digit of o?
5
Suppose 0 = -f + 5*f + 4*q - 52, -25 = -f - 5*q. Let o = -16 + f. What is the tens digit of (-116)/o*(-9)/(-6)?
2
Let t = 38 - 34. What is the units digit of 5467/63 + t - 4/(-18)?
1
Let v(m) = m**2 + 2*m + 151. Let d = -56 + 56. What is the hundreds digit of v(d)?
1
Let f = 927 - 406. What is the hundreds digit of f?
5
Suppose 16*t - 4478 - 9186 = 0. What is the tens digit of t?
5
Let z(i) = 3*i**2 - 2*i - 2. Let v be z(2). Suppose s - v = -2*s. Suppose 0 = r - 12 + s. What is the tens digit of r?
1
Let z(p) = 2*p**2 - 10*p + 6. Let f be z(4). Let k = 3 + f. Let w(d) = 52*d**3 + 2*d - 1. What is the tens digit of w(k)?
5
Let w = -5 + 5. Suppose w = -6*h + 3*h + 489. What is the units digit of h?
3
Let g = -13 - -17. Let r be g/10 - 1326/(-85). Suppose -3*f + r = -8. What is the units digit of f?
8
Let s be 3 - (0/(-4) - 4). Suppose -23 - s = -5*k. Suppose 4*h + 42 = k*h + 2*t, 3*h - 2*t = 43. What is the units digit of h?
7
Let z be (-24)/11 + 10/55. Let b(d) = 8*d**3 - 2*d**2 + 3*d + 3. Let q be b(z). What is the tens digit of (0 - 2)*q/6?
2
Let q = -15 + 149. Suppose -4*i = -250 - q. What is the units digit of i?
6
Suppose 0 = 7*x + 49 - 385. Let q = -47 + x. What is the units digit of q?
1
What is the hundreds digit of 28/(-182) - (-1 - (-13756)/(-13))?
0
Let l = 3 - 0. Suppose -l*z + 30 + 16 = r, -5*z - 3*r = -82. Suppose v = -v + z. What is the units digit of v?
7
Let m = 883 + -632. What is the units digit of m?
1
Let l(q) = q**2 - 5*q + 9. Let i = -44 - -39. Let f = i - -11. What is the tens digit of l(f)?
1
Suppose -10 + 34 = 8*r. Suppose -6*v + 5*v = -2, 4*d + 2*v = 232. What is the units digit of ((-1862)/d)/((-2)/r)?
9
Suppose 5*t - 81 = 3*t + l, -2*t + 69 = 3*l. What is the units digit of t?
9
Let a(k) = -k**3 + 11*k**2 - 16*k + 3. Suppose 6*u = 11*u - 45. What is the units digit of a(u)?
1
Let r be (4/(-6))/(12/(-54)). What is the tens digit of (-100)/((r - 4) + 0)?
0
Suppose q - 4*f + 19 = 7, -3 = -4*q - f. Suppose -99 = -o + c, 2*o + 5*c - 44 - 147 = q. What is the units digit of 1/2 - o/(-4)?
5
Let f(n) = -3*n**3 - 25*n**2 - 19*n + 10. What is the units digit of f(-10)?
0
Let o(s) = 2*s**3 + 2*s**2 + 14. What is the units digit of o(4)?
4
Let z be (-3)/((-5)/(10/3)). Suppose z = 3*t - 4. Suppose -12 = -5*j - t. What is the units digit of j?
2
Let n = -13 - -18. Suppose -33 = -2*u - n. What is the tens digit of u?
1
Let a = -208 - -509. What is the units digit of a?
1
Let a = 424 - 375. What is the units digit of a?
9
Let b(f) = 1 + 0 + 3 + 6*f. Suppose l = 4*s + 24, 2*l + 2*s + 14 = 3*l. What is the units digit of b(l)?
8
Suppose 0 = 995*h - 1001*h + 11844. What is the tens digit of h?
7
Suppose -57968 = -15*h - 4538. What is the units digit of h?
2
Let c = 149 + -80. Suppose 2*o - 11 = c. What is the tens digit of o?
4
Let z = -8 + 3. Let y(v) = -3*v + 9. Let r be y(z). What is the tens digit of (-16)/r*87/(-2)?
2
Suppose -10*s = -5*s + 1130. What is the hundreds digit of s/4*(-1*1 - 1)?
1
What is the hundreds digit of (-3)/(36/(-39))*(467 - 15)?
4
Let f = 943 + -684. What is the tens digit of f?
5
Let a(m) = 15*m - 4. Suppose l - 3*l - 6 = 0. Let u = l + 5. What is the tens digit of a(u)?
2
Suppose -16531 - 20543 = -37*p. What is the thousands digit of p?
1
Suppose -20 = -4*b - 4*a, -3*b - 2*a + 18 - 4 = 0. Let s(m) = m**3 - 5*m**2 + 5*m + 4. Let v be s(b). Suppose -3*q = -11 + v. What is the units digit of q?
1
Suppose 0 = -28*a + 24*a - 56. Let k = 88 + a. What is the tens digit of k?
7
Suppose -21 = -2*t + 3*x, 3*t + x + 11 = 5*t. Suppose -12 = -d + t. What is the units digit of d?
5
Let h(o) = -o + 14. Let k be h(12). Let x(c) = -3 + 4 + 0*c + k*c. What is the units digit of x(3)?
7
Suppose 0 = 2*n + 84*x - 89*x - 6717, 4*n - 3*x - 13441 = 0. What is the thousands digit of n?
3
Let k = -219 - -770. What is the units digit of k?
1
What is the hundreds digit of 30/4*3444/30?
8
Suppose y - 12 = 39. Suppose 5*q - 2*t = -0*t + 306, y = q + 3*t. What is the units digit of q?
0
Suppose 7*v - 44 = 3*v. Suppose 0 = 10*d - v*d + 56. Suppose 4*m = 184 - d. What is the units digit of m?
2
Suppose -f + j = 5, 0 = 2*f + f - 4*j + 19. Let w be 4 + f/2*2. Let m = w - -48. What is the tens digit of m?
5
Suppose -2*k + 10 = 2. Suppose 0 = k*g - 19 - 9. Let v = g - 1. What is the units digit of v?
6
Let f = -16 + 42. What is the tens digit of (170/(-4))/((-13)/f)?
8
Let n(m) = m**2 + 2. Let v(x) = -x**2 - 8*x + 2. Let a be v(-8). Let j be n(a). Suppose j*q = 3*q - c + 36, -q + 14 = c. What is the tens digit of q?
1
Let l = 79 - 74. What is the hundreds digit of (l/(-4) + -1)/((-3)/136)?
1
Let p(o) be the second derivative of -o**5/10 - o**4/2 - 2*o**3/3 - o**2/2 + 2*o. What is the units digit of p(-4)?
7
Suppose 146 = -4*g - 3*w, 0*g + g + 45 = -5*w. What is the tens digit of (10/g + (-2694)/28)*-2?
9
Suppose 0 = -m + 3*m - 44. Let s = -16 + m. Suppose -2*x - 2*x + 8 = 4*f, 5*x - s = -3*f. What is the units digit of f?
2
Suppose -465*t = -462*t - 1605. What is the hundreds digit of t?
5
Let v(s) = 18*s - 16. Let y be v(-5). Let t = y - -219. What is the tens digit of t?
1
What is the hundreds digit of (-136)/(-612) + 38/36*482?
5
Let f(i) = i**3 - 13*i**2 + i - 12. Let a be f(13). Let c be a - -4 - 3*1. Suppose -25 = -2*n - z, z = -n + c*n - 20. What is the tens digit of n?
1
Let f(y) = 3*y - 2*y - 2*y. Let t be f(0). Suppose -j - 6 + 10 = t. What is the units digit of j?
4
Let t(w) = 2*w**2 - 3*w + 6. Let r be (3 + 3/(-1))/(-3). Suppose -p = 2*l - 6, -l + 5*p + 14 = -r*l. What is the tens digit of t(l)?
2
Let i(t) = -2*t**2 + 14*t - 23. Let h(s) = -3*s**2 + 29*s - 45. Let f(b) = -3*h(b) + 5*i(b). What is the tens digit of f(-12)?
8
Suppose -s - s + 3*b = 22, -4*s = -2*b + 60. What is the units digit of s/(-17)*184/2?
2
Let a = -17 - -11. Let i = 12 + a. Suppose t - 25 = -2*d, -2*t - i = -4*d - 24. What is the units digit of t?
7
Suppose -17*z = -4484 + 1067. What is the units digit of z?
1
Let v = -518 - -1460. What is the units digit of v?
2
Suppose 0 = 4*d - b - 22, 0 = 2*b - 4. Let t(n) = n**2 - n - 19. What is the tens digit of t(d)?
1
Let h(g) = -148*g - 114. Let z(t) = -50*t - 38. Let v(o) = 3*h(o) - 8*z(o). What is the tens digit of v(-4)?
3
Suppose 5 = -2*a + 7. Let x be 36/9 - (a + 0). Let u = x + 18. What is the tens digit of u?
2
Let a = 9 - 11. Let s be a/5*(-20 + -5). Suppose 9*t = s*t - 22. What is the units digit of t?
2
Let g = -42 - -129. Let l = g - 82. What is the units digit of l?
5
Let y = 1118 + 1441. What is the tens digit of y?
5
Let h(p) = p**2 - 9*p - 14. Let y be h(12). Let b = y - 19. Suppose -68 = -2*w - 4*m, b*w - 3*m = -m + 94. What is the units digit of w?
2
Suppose -3195 = -15*p - 315. Suppose -p - 14 = -2*y. What is the units digit of y?
3
Suppose -o = -3*q - 53, 0*o + 2*q + 226 = 5*o. What is the units digit of o?
4
Let c = 35 - 190. Let g = c + 162. What is the units digit of g?
7
Let p(a) = -285*a - 54. What is the thousands digit of p(-5)?
1
Let i = -763 + 1637. What is the units digit of i?
4
Let x(m) = 9*m**2 + 3*m + 1. Let f be x(-3). Let j = f + -37. Suppose -j = -4*r + 24. What is the units digit of r?
5
Suppose 2*n = -3*n + 3*g + 34, -3*n - 5*g = 0. Suppose -1 = -4*d + h, 0 = 2*d + 3*h - n*h - 8. What is the tens digit of (2/4)/(d/(-26))?
1
Suppose 15*v + 2318 = 34*v. What is the units digit of v?
2
Suppose -5*j + 11 + 9 = 0, 4*b + j - 32 = 0. Let w = 1 - b. What is the units digit of (w/18)/((-2)/66)?
1
Let y(i) = 0 + 4*i + 6 + i**2 - 3 + 5. What is the tens digit of y(-6)?
2
Let u(i) = 197*i**3 - 5*i**2 + 26*i - 41. 